In base 7, what is -31122235 - -6?
-31122226
In base 2, what is 11000101010011 - 1011101100?
10111001100111
In base 12, what is -5 - -7163a444?
7163a43b
In base 2, what is 11 + 10100111111000101110000011?
10100111111000101110000110
In base 10, what is 21 + 547859?
547880
In base 2, what is -11010011100 - -10001011101010?
1110001001110
In base 6, what is -3032333 + 5435?
-3022454
In base 14, what is -ab86 - -b6?
-aab0
In base 10, what is 260257 + -88?
260169
In base 13, what is 64 - -22c7?
235b
In base 14, what is -c28d - -2a94?
-95d9
In base 11, what is -1441101 - 3?
-1441104
In base 5, what is 40312 - 3224?
32033
In base 3, what is -1021021011022 - 1011012?
-1021022022111
In base 7, what is 4 + -1223215365?
-1223215361
In base 16, what is 25 - 58166?
-58141
In base 11, what is 2a303a822 - -1?
2a303a823
In base 14, what is 1c - 14c12a0?
-14c1282
In base 5, what is -22 - -44444044222?
44444044200
In base 11, what is 79a + 7196a?
72659
In base 5, what is -14 + 20134043020?
20134043001
In base 14, what is -18683d94 + -5?
-18683d99
In base 9, what is -6084784 + -10?
-6084804
In base 2, what is 11100101110010 - 10110011100?
11001111010110
In base 12, what is 658a68b + -3?
658a688
In base 4, what is 3 + -100311323221030?
-100311323221021
In base 10, what is 1422 - -30182?
31604
In base 11, what is 15 - -10726159?
10726173
In base 11, what is -5 + -24396568?
-24396572
In base 12, what is -1b5054 - 60?
-1b50b4
In base 16, what is -1ffd40 + -1a?
-1ffd5a
In base 4, what is 2 + -13011010303?
-13011010301
In base 8, what is 6740514 + -10?
6740504
In base 6, what is -20251115431 - 0?
-20251115431
In base 13, what is 3c50242 - 0?
3c50242
In base 4, what is -33 + 302000020321?
302000020222
In base 9, what is -4003 + 3468?
-424
In base 3, what is -1101 - -22000220001?
22000211200
In base 16, what is -13 - 129a94b?
-129a95e
In base 9, what is -342525 - 23?
-342548
In base 3, what is 1210022111000212 + -2?
1210022111000210
In base 2, what is -11011100111100001 - -10010101?
-11011100101001100
In base 9, what is 3 - -6228280?
6228283
In base 7, what is 3 + 2363355541?
2363355544
In base 9, what is -6 + 1272058?
1272052
In base 16, what is 1d6c - 356?
1a16
In base 2, what is 101 - 10001011001010001011000110110?
-10001011001010001011000110001
In base 9, what is -3 + -7515682?
-7515685
In base 3, what is 20 - 22021122010?
-22021121220
In base 16, what is 77d1e + 1eb?
77f09
In base 14, what is -1 - 19686a93?
-19686a94
In base 13, what is -1032 + -c9?
-112b
In base 14, what is -2c3615 - 2?
-2c3617
In base 11, what is 231 + -15a556?
-15a325
In base 4, what is 201 - -1131232020?
1131232221
In base 8, what is -53710232 - 1?
-53710233
In base 16, what is eb1274 - a?
eb126a
In base 2, what is 11011101010011010 + -11010100011?
11011001111110111
In base 14, what is 5 - -a678818?
a67881d
In base 8, what is 22156710 - -1?
22156711
In base 11, what is -31398 - 363?
-31750
In base 6, what is 1 - 1241521?
-1241520
In base 6, what is -14312433 + -1204?
-14314041
In base 12, what is -a372 + b618?
1266
In base 9, what is -43504047 - 0?
-43504047
In base 6, what is -10 - -12?
2
In base 3, what is 11 - 121121122100222?
-121121122100211
In base 3, what is 122212201101 + -121?
122212200210
In base 13, what is -253 + 1a0b0?
19b5a
In base 4, what is 212 - 30021213?
-30021001
In base 13, what is -2415 - 1561?
-3976
In base 12, what is -5 + -baa903?
-baa908
In base 9, what is 8447633 + -10?
8447623
In base 11, what is a316912 - -4?
a316916
In base 12, what is -292a189 + -1?
-292a18a
In base 13, what is 9 + 130146?
130152
In base 11, what is -5570 - 5529a?
-5a85a
In base 9, what is 81 + 37440806?
37440887
In base 9, what is -108 - -114355?
114246
In base 6, what is 23515335 + -10?
23515325
In base 4, what is 113 - -23131212333?
23131213112
In base 7, what is 3 + -340033311?
-340033305
In base 6, what is 1500214 - -1?
1500215
In base 14, what is -1 + -b79157?
-b79158
In base 6, what is -1212552 + -1401?
-1214353
In base 7, what is -452431 + 222?
-452206
In base 9, what is -660 - -501432?
500662
In base 11, what is -52a69612 + 0?
-52a69612
In base 4, what is -20300333 + 31230?
-20203103
In base 5, what is -2 - 1242410224?
-1242410231
In base 7, what is 651124 + -305?
650516
In base 14, what is a863 - -21?
a884
In base 12, what is -30666230 + 4?
-30666228
In base 16, what is 138 - 196497?
-19635f
In base 13, what is -12c77c7 - -a?
-12c77ba
In base 10, what is 86 + 5173221?
5173307
In base 2, what is 10101111100000 - -11010011001111?
110000010101111
In base 15, what is 1abd59 + -198?
1abbb1
In base 16, what is -a + 453213?
453209
In base 12, what is -119 - 10910?
-10a29
In base 15, what is -154b88 + 24?
-154b64
In base 9, what is 27168 + 326?
27505
In base 14, what is -1c - -2390b40?
2390b22
In base 7, what is 40140 - 104?
40033
In base 15, what is -6d8 + 186d?
1185
In base 3, what is -1011110 + 1020120222?
1012102112
In base 2, what is -1001 + -1100110010010110011110?
-1100110010010110100111
In base 3, what is 210121 - -1022?
211220
In base 7, what is -420232 - -166?
-420033
In base 10, what is -6 + 5634510?
5634504
In base 4, what is -1110 - -100011203?
100010033
In base 14, what is -6 + 569c796?
569c790
In base 12, what is -2a - -296a49b?
296a471
In base 3, what is -20201222110111010222 + 1?
-20201222110111010221
In base 10, what is 288430 - 113?
288317
In base 15, what is 3cb3142 + 1?
3cb3143
In base 6, what is -1230 - -10414043?
10412413
In base 2, what is 110111001100001111100000 + 101?
110111001100001111100101
In base 3, what is -11200 - -2212111020120?
2212111001220
In base 11, what is -1 - -121a2248?
121a2247
In base 15, what is 1b6 + -5746?
-5580
In base 6, what is -530 - 501121?
-502051
In base 9, what is 1 - -644601087?
644601088
In base 7, what is 165 - 442031?
-441533
In base 14, what is -a52 - -41c8?
3576
In base 6, what is -1320121512 + 21?
-1320121451
In base 11, what is 1 - -a79961?
a79962
In base 6, what is 5033 + 200512?
205545
In base 5, what is 13 - 11034301304?
-11034301241
In base 3, what is 222021220221 + 11211?
222022002202
In base 10, what is 17715851 + 2?
17715853
In base 15, what is -2d - -3ee34?
3ee06
In base 7, what is -340045 - 623?
-341001
In base 15, what is -3 - 31b520?
-31b523
In base 2, what is -1111001011000001100 + 1010?
-1111001011000000010
In base 9, what is -124786863 - -5?
-124786857
In base 4, what is 1121 - 210133213?
-210132032
In base 9, what is -556 + -40858?
-41525
In base 14, what is -624c + 1b10a?
14c9c
In base 7, what is -2 + -22435245?
-22435250
In base 7, what is 101156666 - 5?
101156661
In base 11, what is -5858 - 84845?
-8a5a2
In base 14, what is bb7a + -8?
bb72
In base 16, what is 1090 + -bd72?
-ace2
In base 13, what is 4747 - -167b?
60c5
In base 9, what is -3666312 + -8?
-3666321
In base 5, what is 0 + -40031214321?
-40031214321
In base 2, what is -1110100001000111 + 1101110?
-1110011111011001
In base 8, what is 11034374 + -3?
11034371
In base 5, what is -3 + 22333430243?
22333430240
In base 16, what is -ba6310 - -4?
-ba630c
In base 12, what is 10084 + -61b7?
5a89
In base 3, what is -121210022022 + 1212?
-121210020110
In base 12, what is 76b0b172 - -2?
76b0b174
In base 13, what is -2 - 445b7?
-445b9
In base 15, what is 2567753 + -2?
2567751
In base 15, what is -2 + -32c260?
-32c262
In base 5, what is 112243 + -1104320?
-442022
In base 9, what is 2 - -5612461?
5612463
In base 14, what is -138a1d2 - 0?
-138a1d2
In base 14, what is 32 + -13d305?
-13d2b3
In base 9, what is 4645 + -3255?
1380
In base 16, what is 148 + eb791?
eb8d9
In base 14, what is -c14a - -3b4?
-bb76
In base 10, what is 166126 + 166?
166292
In base 8, what is -7603341 - 207?
-7603550
In base 7, what is -45360 + -40541?
-116231
In base 8, what is 11 - -30033216?
30033227
In base 8, what is 750700 - -5?
750705
In base 7, what is -213465356 + -5?
-213465364
In base 2, what is -10000011010010100010100101 - -100?
-10000011010010100010100001
In base 15, what is 10d3b - -17c?
10eb8
In base 6, what is -13 - 424450314?
-424450331
In base 8, what is 11325 - -1143?
12470
In base 13, what is -cc3580 - -2?
-cc357b
In base 16, what is -c1460 - 5?
-c1465
In base 16, what is 6 - 263c237?
-263c231
In base 4, what is -10110220301120 - 11?
-10110220301131
In base 16, what is 32e + 35ce1?